6.
-2b116
Convert -4824907 (base 10) to base 16.
-499f4b
What is -140225 (base 9) in base 15?
-1a4d8
-3001011 (base 4) to base 12
-7199
-204a29 (base 14) to base 4
-10021301231
What is 6530234 (base 12) in base 3?
1100011121110011
What is -111001111010110000 (base 2) in base 11?
-152266
32652 (base 12) to base 3
10101100022
53a912 (base 11) to base 10
863590
Convert 1423514 (base 9) to base 2.
10111111010000000100
5673b0 (base 13) to base 3
10211211122112
Convert 2dc8b5 (base 16) to base 2.
1011011100100010110101
-1263123 (base 8) to base 5
-42311000
2923a (base 12) to base 5
3313413
Convert -8cc85a (base 13) to base 12.
-1151457
What is -2140101 (base 5) in base 11?
-257a7
What is 195061 (base 14) in base 8?
3330535
-1ea906 (base 16) to base 10
-2009350
Convert -11212202 (base 3) to base 11.
-2744
Convert -16336351 (base 8) to base 3.
-21010020112221
-1587668 (base 11) to base 6
-133542445
Convert -30024010 (base 5) to base 13.
-8362b
Convert -695c8 (base 13) to base 10.
-192148
What is 42079 (base 11) in base 2?
1110111110000000
11110000001101100 (base 2) to base 15
26693
Convert 367a4 (base 11) to base 6.
1044434
What is -38b642 (base 12) in base 4?
-3203213102
-2057a9 (base 15) to base 11
-96004a
Convert -222001010102 (base 3) to base 14.
-d4b2b
Convert 223da0 (base 15) to base 6.
55001040
What is -100080 (base 12) in base 9?
-418416
What is -3002333 (base 11) in base 6?
-305551104
What is -114411443 (base 5) in base 9?
-1020066
-4456565 (base 11) to base 14
-10750a7
6849a (base 12) to base 16
21eb6
What is -7050 (base 16) in base 14?
-a69a
What is -3721625 (base 8) in base 7?
-11466045
11553542 (base 6) to base 3
200221101122
What is -3531554 (base 8) in base 7?
-11121565
-413a4 (base 13) to base 16
-1c95a
What is -56c7a (base 13) in base 10?
-158116
What is -34410 (base 9) in base 4?
-11212110
-42011 (base 13) to base 5
-12244102
Convert -62737400 (base 8) to base 10.
-13352704
What is -cb39a2 (base 14) in base 12?
-2381376
-12004 (base 10) to base 4
-2323210
Convert -11111302414 (base 5) to base 4.
-232211221323
Convert 13030012023 (base 4) to base 6.
104220443
4b6d8 (base 14) to base 12
8b226
What is -585a7a (base 11) in base 8?
-3431037
Convert 613284 (base 9) to base 13.
c9478
Convert 3320101321 (base 4) to base 9.
1818887
-2a689 (base 12) to base 4
-32211021
What is 120022210022 (base 3) in base 2?
1001001101001010100
What is -1001101111101111100 (base 2) in base 6?
-10502300
-113201201132 (base 4) to base 6
-340101102
Convert -6022004 (base 8) to base 15.
-213b74
What is a73204 (base 11) in base 16?
1a33f4
Convert 552516 (base 12) to base 3.
2112200122100
What is -138643 (base 14) in base 8?
-2450643
What is 11100100100001001101 (base 2) in base 12?
391811
What is -28c6ab (base 16) in base 2?
-1010001100011010101011
55404515 (base 6) to base 14
314b71
Convert 341330443 (base 6) to base 13.
13a2b66
What is -11222113 (base 8) in base 6?
-124101031
What is 39238 (base 13) in base 16?
19d71
207772 (base 8) to base 4
100333322
Convert -21443b (base 16) to base 7.
-24350065
Convert 9747467 (base 10) to base 16.
94bc0b
What is 716778 (base 9) in base 14?
b0bd2
What is 210301332303 (base 4) in base 3?
200010212012200
Convert 3253184 (base 10) to base 11.
1922190
-1170604 (base 9) to base 3
-1012100200011
Convert 12220112121 (base 3) to base 4.
130121101
What is 3442112331 (base 5) in base 13?
17c0686
Convert -2812a (base 11) to base 9.
-60876
What is 203130310 (base 5) in base 13?
232329
Convert 320200232 (base 5) to base 14.
26a454
Convert 5499 (base 15) to base 3.
220120200
What is -122101 (base 14) in base 10?
-620341
Convert 212020212100 (base 3) to base 12.
1a0a69
What is 167c0 (base 15) in base 11?
4a628
Convert -420000155 (base 6) to base 10.
-7278407
-11431651 (base 7) to base 3
-1220122002121
Convert -13250401 (base 6) to base 7.
-3520603
What is 3122202221 (base 4) in base 5?
212121040
Convert -11aa266 (base 11) to base 7.
-23534003
-1487567 (base 9) to base 15
-1149b4
What is 140104550 (base 6) in base 3?
12021200010210
What is -61c75 (base 15) in base 11?
-1a194a
What is 1002002222221100 (base 3) in base 15?
1558e13
Convert -103420030 (base 5) to base 8.
-1561301
-a5241 (base 11) to base 8
-453410
Convert -1615d47 (base 15) to base 6.
-1331150251
-1140153 (base 6) to base 5
-3402220
Convert 29311 (base 15) to base 14.
36312
140283 (base 9) to base 14
23254
-30133120300 (base 4) to base 6
-154102424
Convert 37122 (base 12) to base 6.
1332442
Convert 1a375 (base 16) to base 15.
21c3b
1000011111000011100 (base 2) to base 3
112010101221
Convert 562d8 (base 15) to base 3.
111220220012
-20c13a (base 14) to base 5
-240440244
Convert -16bb38 (base 12) to base 3.
-202000022022
What is -10001100100011010011001 (base 2) in base 4?
-101210122121
Convert -100200211010 (base 3) to base 13.
-68b50
What is 1021121000022 (base 3) in base 12?
28a052
100111101101101 (base 2) to base 12
b925
What is 4651319 (base 11) in base 6?
450111101
143004131 (base 5) to base 7
6244111
100100100001111010010 (base 2) to base 3
2020210222201
4465005 (base 9) to base 5
1103424401
Convert 43413144 (base 6) to base 3.
2102200102101
Convert 31203232311 (base 4) to base 9.
6616433
Convert -1101101000000100010111 (base 2) to base 5.
-1403300431
Convert -52015315 (base 6) to base 4.
-11231012333
-212301220 (base 4) to base 2
-100110110001101000
3841001 (base 10) to base 8
16515751
201313001 (base 4) to base 3
21001020122
Convert 201222020121210 (base 3) to base 6.
1015254420
-102010101102210 (base 3) to base 12
-1b91710
-112000133320 (base 4) to base 6
-323353144
121440044 (base 5) to base 2
10001100111111110100
-300033022 (base 4) to base 6
-4122414
What is 286a2 (base 16) in base 11?
10340a
-1136056 (base 7) to base 10
-143758
What is -47c9c3 (base 15) in base 5?
-1334401313
Convert -446881 (base 11) to base 12.
-2a3b17
Convert -779470 (base 11) to base 9.
-2303206
What is -29703a (base 11) in base 9?
-775381
What is -187aa3 (base 13) in base 15?
-c2c23
Convert 12121011012 (base 4) to base 10.
1675590
Convert -1637d (base 15) to base 10.
-71668
What is 661410 (base 9) in base 10?
394722
What is -1051352 (base 7) in base 8?
-376205
What is 35716 (base 15) in base 9?
278603
19960 (base 13) to base 9
75441
What is 10110000001110011100000 (base 2) in base 16?
581ce0
What is 114634 (base 10) in base 4?
123333022
What is -21b91 (base 13) in base 4?
-32331300
511123045 (base 6) to base 12
2b13485
Convert -860824 (base 9) to base 7.
-4232650
-112000420 (base 5) to base 11
-311816
What is -20176 (base 14) in base 4?
-102311030
-310701 (base 12) to base 13
-20b8a6
-13119a (base 14) to base 10
-656148
Convert 1011110011110001101 (base 2) to base 6.
12143245
-64433 (base 12) to base 2
-100000001101100111
What is -468338 (base 10) in base 13?
-135230
-23422350 (base 8) to base 7
-61346530
What is 5320143 (base 7) in base 10?
643548
Convert 103350 (base 9) to base 16.
f054
Convert -918989 (base 13) to base 15.
-46e408
Convert 885830 (base 10) to base 9.
1600115
322334401 (base 5) to base 7
14440513
What is 302301011 (base 4) in base 3?
101120020112
What is 10c7c (base 16) in base 12?
33938
What is -4280701 (base 9) in base 13?
-625630
501061 (base 8) to base 2
101000001000110001
-388506 (base 11) to base 10
-611540
317167 (base 10) to base 9
533057
Convert 2130660 (base 7) to base 6.
5322020
Convert -16731 (base 9) to base 10.
-11530
332b430 (base 13) to base 15
1599c75
What is 5295bb (base 12) in base 11?
80a27a
What is -b3d47 (base 14) in base 9?
-730476
What is -52761365 (base 8) in base 5?
-10340433012
-27638770 (base 9) to base 6
-1204530400
Convert 1111000100110011001011 (base 2) to base 8.
17046313
Convert 150472 (base 11) to base 6.
5011043
What is 7b2dd3 (base 14) in base 4?
100000103231
Convert -159828 (base 11) to base 16.
-3c5c1
What is -100100101100110100001 (base 2) in base 9?
-2232574
What is -1871707 (base 10) in base 4?
-13020331123
-101101111102 (base 3) to base 5
-23020412
-2726626 (base 8) to base 2
-10111010110110010110
101220222221 (base 3) to base 15
43abd
-12212311 (base 4) to base 15
-8041
-7144a (base 12) to base 14
-3ba8a
Convert 8360a (base 12) to base 5.
21000241
What is -1001311 (base 5) in base 14?
-5aab
Convert -20201313 (base 4) to base 10.
-